41611?
False
Is 299917 a multiple of 181?
True
Is 294276 a multiple of 179?
True
Does 37 divide 89311?
False
Does 44 divide 2233748?
True
Does 24 divide 7623048?
True
Does 849 divide 19377576?
True
Is 20 a factor of 364917?
False
Is 125 a factor of 103304?
False
Is 89452 a multiple of 95?
False
Does 79 divide 721744?
True
Is 8 a factor of 59925?
False
Is 34 a factor of 57433?
False
Is 54 a factor of 10142010?
True
Is 535328 a multiple of 16?
True
Is 129 a factor of 183567?
True
Is 70 a factor of 97057?
False
Is 57054 a multiple of 127?
False
Is 66 a factor of 3604722?
True
Is 455784 a multiple of 84?
True
Is 33 a factor of 105237?
True
Does 80 divide 12400?
True
Is 185437 a multiple of 59?
True
Is 12 a factor of 476196?
True
Does 19 divide 113468?
True
Is 403493 a multiple of 201?
False
Does 59 divide 3544425?
True
Does 11 divide 171513?
False
Is 5733450 a multiple of 465?
True
Is 5354514 a multiple of 11?
True
Does 50 divide 571550?
True
Is 2357954 a multiple of 21?
False
Is 327840 a multiple of 24?
True
Does 253 divide 107525?
True
Is 1022064 a multiple of 428?
True
Does 1230 divide 3539062?
False
Is 1143826 a multiple of 10?
False
Does 1135 divide 5923565?
True
Does 24 divide 1029947?
False
Is 13 a factor of 116376?
True
Is 101 a factor of 203111?
True
Is 505488 a multiple of 169?
False
Is 26 a factor of 1741430?
False
Is 46 a factor of 168682?
True
Is 214703 a multiple of 137?
False
Is 202994 a multiple of 210?
False
Is 10800284 a multiple of 651?
False
Does 13 divide 1087610?
False
Is 330766 a multiple of 199?
False
Is 348969 a multiple of 24?
False
Does 99 divide 7722?
True
Is 188 a factor of 221276?
True
Is 12 a factor of 307632?
True
Does 560 divide 18246714?
False
Is 82 a factor of 3230554?
True
Is 5 a factor of 5932640?
True
Is 3 a factor of 17453?
False
Is 6 a factor of 135186?
True
Does 26 divide 417514?
False
Is 52 a factor of 1416416?
False
Does 5 divide 83759?
False
Is 7 a factor of 155022?
True
Does 14 divide 829073?
False
Is 29979 a multiple of 7?
False
Does 63 divide 1405719?
True
Is 577 a factor of 1863357?
False
Does 253 divide 215797?
False
Does 5 divide 782449?
False
Does 21 divide 654276?
True
Is 397652 a multiple of 62?
False
Is 3 a factor of 63520?
False
Is 689280 a multiple of 192?
True
Is 272773 a multiple of 9?
False
Is 44 a factor of 7653?
False
Is 52884 a multiple of 23?
False
Is 653562 a multiple of 72?
False
Is 4 a factor of 1794056?
True
Does 15 divide 9926646?
False
Does 3 divide 35340?
True
Does 102 divide 1441056?
True
Does 10 divide 241790?
True
Is 84 a factor of 108864?
True
Is 11 a factor of 13471133?
False
Is 20 a factor of 1528200?
True
Is 4540004 a multiple of 311?
False
Is 11 a factor of 79899?
False
Is 15297885 a multiple of 183?
True
Is 1249990 a multiple of 98?
True
Is 234768 a multiple of 48?
True
Is 91 a factor of 1412138?
True
Does 169 divide 81448?
False
Does 533 divide 2646345?
True
Is 54912 a multiple of 132?
True
Does 22 divide 707224?
False
Is 152 a factor of 3918914?
False
Is 84 a factor of 100310?
False
Is 24 a factor of 8952?
True
Is 1960182 a multiple of 94?
True
Is 3743835 a multiple of 97?
False
Is 559196 a multiple of 142?
True
Is 957627 a multiple of 11?
True
Does 28 divide 100090?
False
Is 104 a factor of 1338168?
True
Is 20 a factor of 7947733?
False
Does 39 divide 134900?
False
Does 295 divide 9572455?
True
Does 272 divide 375030?
False
Is 98 a factor of 864360?
True
Is 3733095 a multiple of 955?
True
Is 3907385 a multiple of 37?
True
Is 4709793 a multiple of 649?
True
Is 44 a factor of 59004?
True
Does 54 divide 643680?
True
Is 943659 a multiple of 811?
False
Does 21 divide 78621?
False
Is 16141 a multiple of 119?
False
Is 25 a factor of 74750?
True
Does 8 divide 950548?
False
Does 22 divide 22888624?
True
Does 4 divide 124669?
False
Is 520282 a multiple of 108?
False
Is 397276 a multiple of 23?
False
Does 199 divide 1668796?
False
Is 753761 a multiple of 47?
False
Does 17 divide 7532435?
False
Does 178 divide 7361944?
False
Is 203 a factor of 3926958?
False
Does 9 divide 3192012?
True
Does 15 divide 35970?
True
Is 9 a factor of 182069?
False
Is 639 a factor of 6060276?
True
Is 3978508 a multiple of 53?
False
Is 36613980 a multiple of 780?
True
Is 78 a factor of 6061926?
True
Is 143 a factor of 4239950?
True
Does 66 divide 173875?
False
Does 36 divide 17950969?
False
Does 27 divide 1182843?
True
Is 46 a factor of 28552222?
False
Does 17 divide 1735326?
True
Is 50 a factor of 135181?
False
Is 1344 a factor of 3541440?
True
Does 60 divide 256200?
True
Is 919 a factor of 357085?
False
Is 522 a factor of 700002?
True
Is 69 a factor of 177270?
False
Is 428575 a multiple of 160?
False
Does 7 divide 34555?
False
Does 7 divide 54292?
True
Is 8262 a multiple of 17?
True
Is 45867 a multiple of 136?
False
Is 108512 a multiple of 7?
False
Does 43 divide 234522?
True
Is 114678 a multiple of 9?
True
Is 62 a factor of 834814?
False
Does 37 divide 41107?
True
Is 67256 a multiple of 28?
True
Is 184 a factor of 1052201?
False
Is 128 a factor of 5365434?
False
Does 637 divide 3057600?
True
Does 811 divide 5582507?
False
Is 47 a factor of 704636?
False
Does 46 divide 131700?
False
Is 109748 a multiple of 22?
False
Is 9 a factor of 10616886?
True
Is 116025 a multiple of 195?
True
Is 244 a factor of 868152?
True
Is 21 a factor of 69594?
True
Is 1389973 a multiple of 68?
False
Is 255550 a multiple of 26?
False
Is 16957 a multiple of 25?
False
Does 644 divide 1060024?
True
Does 540 divide 267300?
True
Is 34 a factor of 353702?
True
Does 707 divide 2978591?
True
Is 53 a factor of 107189?
False
Is 875560 a multiple of 16?
False
Is 108 a factor of 267948?
True
Is 71 a factor of 161084?
False
Is 44 a factor of 122276?
True
Is 19 a factor of 35824?
False
Does 253 divide 5355251?
True
Is 91797 a multiple of 75?
False
Is 31 a factor of 60512?
True
Is 1176 a factor of 4238171?
False
Is 15 a factor of 182357?
False
Does 107 divide 1572258?
True
Is 153 a factor of 2672339?
False
Does 7 divide 5904505?
False
Is 57699 a multiple of 9?
True
Is 44 a factor of 1122572?
True
Is 42 a factor of 54525?
False
Is 151 a factor of 460097?
True
Does 17 divide 1544022?
False
Is 206346 a multiple of 53?
False
Is 36 a factor of 340848?
True
Is 228540 a multiple of 52?
True
Is 367830 a multiple of 14?
False
Is 106 a factor of 213060?
True
Does 25 divide 2306725?
True
Is 4694724 a multiple of 12?
True
Is 206460 a multiple of 180?
True
Is 240 a factor of 6637?
False
Does 13 divide 13234?
True
Is 4442845 a multiple of 5?
True
Is 2818660 a multiple of 481?
True
Does 36 divide 202503?
False
Is 184690 a multiple of 22?
True
Is 521 a factor of 3518024?
False
Is 55881 a multiple of 7?
True
Does 85 divide 39695?
True
Is 12 a factor of 713?
False
Is 8075 a multiple of 2?
False
Is 3 a factor of 8535?
True
Is 4585240 a multiple of 440?
True
Is 110656 a multiple of 133?
True
Is 39 a factor of 454108?
False
Does 3 divide 37368?
True
Is 52 a factor of 2003234?
False
Is 35295 a multiple of 25?
False
Is 4985792 a multiple of 62?
True
Is 135 a factor of 696870?
True
Is 49 a factor of 2472001?
True
Is 20 a factor of 294000?
True
Does 45 divide 957198?
False
Is 158213 a multiple of 11?
True
Is 6 a factor of 23724?
True
Does 48 divide 20160?
True
Does 146 divide 3432763?
False
Does 41 divide 672385?
False
Is 310 a factor of 69078?
False
Does 2005 divide 14185375?
True
Is 34640 a multiple of 8?
True
Is 17 a factor of 1088459?
True
Is 365 a factor of 500218?
False
Is 83 a factor of 66815?
True
Does 637 divide 195401?
False
Is 192 a factor of 328512?
True
Is 33 a factor of 10262529?
False
Is 129642 a multiple of 41?
True
Does 119 divide 274652?
True
Does 24 divide 462264?
True
Does 859 divide 2047857?
False
Does 6 divide 21732?
True
Is 9 a factor of 429814?
False
Is 6 a factor of 131523?
False
Does 1653 divide 12766119?
True
Is 7 a factor of 18965?
False
Is 249 a factor of 122046?
False
Is 4 a factor of 212734?
False
Is 4 a factor of 745428?
True
Does 95 divide 259970?
False
Is 24 a factor of 45523?
False
Does 319 divide 14730144?
True
Does 6 divide 627489?
False
Is 40824 a multiple of 27?
True
Is 501 a factor of 2306340?
False
Does 104 divide 72602?
False
Is 33 a factor of 1194567?
True
Is 22847596 a multiple of 11?
False
Does 190 divide 397562?
F